{"id":130,"date":"2025-09-15T18:06:26","date_gmt":"2025-09-15T16:06:26","guid":{"rendered":"https:\/\/barreaudutanganyika.org\/index.php\/conseil-de-lordre\/"},"modified":"2025-10-02T19:57:43","modified_gmt":"2025-10-02T17:57:43","slug":"conseil-de-lordre","status":"publish","type":"page","link":"https:\/\/barreaudutanganyika.org\/index.php\/conseil-de-lordre\/","title":{"rendered":"Conseil de l&rsquo;ordre"},"content":{"rendered":"\t\t<div data-elementor-type=\"wp-page\" data-elementor-id=\"130\" class=\"elementor elementor-130\" data-elementor-post-type=\"page\">\n\t\t\t\t<div class=\"elementor-element elementor-element-3c90cb6 e-flex e-con-boxed e-con e-parent\" data-id=\"3c90cb6\" data-element_type=\"container\">\n\t\t\t\t\t<div class=\"e-con-inner\">\n\t\t\t\t<div class=\"elementor-element elementor-element-c7acc3e elementor-widget elementor-widget-heading\" data-id=\"c7acc3e\" data-element_type=\"widget\" data-widget_type=\"heading.default\">\n\t\t\t\t\t<h2 class=\"elementor-heading-title elementor-size-default\">Le Conseil de l'Ordre<\/h2>\t\t\t\t<\/div>\n\t\t\t\t\t<\/div>\n\t\t\t\t<\/div>\n\t\t<div class=\"elementor-element elementor-element-cf44e99 e-flex e-con-boxed e-con e-parent\" data-id=\"cf44e99\" data-element_type=\"container\">\n\t\t\t\t\t<div class=\"e-con-inner\">\n\t\t\t\t<div class=\"elementor-element elementor-element-cdc0972 elementor-widget-divider--view-line elementor-widget elementor-widget-divider\" data-id=\"cdc0972\" data-element_type=\"widget\" data-widget_type=\"divider.default\">\n\t\t\t\t\t\t\t<div class=\"elementor-divider\">\n\t\t\t<span class=\"elementor-divider-separator\">\n\t\t\t\t\t\t<\/span>\n\t\t<\/div>\n\t\t\t\t\t\t<\/div>\n\t\t\t\t\t<\/div>\n\t\t\t\t<\/div>\n\t\t<div class=\"elementor-element elementor-element-c5feaa1 e-flex e-con-boxed e-con e-parent\" data-id=\"c5feaa1\" data-element_type=\"container\">\n\t\t\t\t\t<div class=\"e-con-inner\">\n\t\t\t\t<div class=\"elementor-element elementor-element-87d0b80 elementor-widget elementor-widget-text-editor\" data-id=\"87d0b80\" data-element_type=\"widget\" data-widget_type=\"text-editor.default\">\n\t\t\t\t\t\t\t\t\t<p style=\"font-weight: 400;\">Le conseil de l\u2019Ordre a pour attributions de traiter toutes questions int\u00e9ressant l\u2019exercice de la profession. Il veille \u00e0 la stricte observation des r\u00e8gles de la profession et des devoirs des avocats ainsi qu\u2019\u00e0 la protection de leurs droits. Il arr\u00eate et modifie le r\u00e8glement int\u00e9rieur, assure le maintien des principes de probit\u00e9, de d\u00e9sint\u00e9ressement, de mod\u00e9ration et de confraternit\u00e9\u2026<\/p><p style=\"font-weight: 400;\">C\u2019est le B\u00e2tonnier qui pr\u00e9side les r\u00e9unions du Conseil de l\u2019Ordre.<\/p>\t\t\t\t\t\t\t\t<\/div>\n\t\t\t\t\t<\/div>\n\t\t\t\t<\/div>\n\t\t<div class=\"elementor-element elementor-element-b163fb6 e-flex e-con-boxed e-con e-parent\" data-id=\"b163fb6\" data-element_type=\"container\">\n\t\t\t\t\t<div class=\"e-con-inner\">\n\t\t\t\t<div class=\"elementor-element elementor-element-7fcd069 elementor-align-center elementor-widget elementor-widget-button\" data-id=\"7fcd069\" data-element_type=\"widget\" data-widget_type=\"button.default\">\n\t\t\t\t\t\t\t\t\t\t<a class=\"elementor-button elementor-button-link elementor-size-sm\" href=\"#\">\n\t\t\t\t\t\t<span class=\"elementor-button-content-wrapper\">\n\t\t\t\t\t\t\t\t\t<span class=\"elementor-button-text\">Membres du Conseil de l'Ordre\u200b<\/span>\n\t\t\t\t\t<\/span>\n\t\t\t\t\t<\/a>\n\t\t\t\t\t\t\t\t<\/div>\n\t\t\t\t\t<\/div>\n\t\t\t\t<\/div>\n\t\t<div class=\"elementor-element elementor-element-a5c6dd9 e-flex e-con-boxed e-con e-parent\" data-id=\"a5c6dd9\" data-element_type=\"container\">\n\t\t\t\t\t<div class=\"e-con-inner\">\n\t\t\t\t<div class=\"elementor-element elementor-element-86efce3 elementor-widget elementor-widget-text-editor\" data-id=\"86efce3\" data-element_type=\"widget\" data-widget_type=\"text-editor.default\">\n\t\t\t\t\t\t\t\t\t<p><span style=\"font-family: Poppins, sans-serif; text-align: center;\">Le conseil de l\u2019Ordre du Barreau du Tanganyika est compos\u00e9 de 9 Avocats, dont les noms et\u00a0 attributions\u00a0:<\/span><\/p>\t\t\t\t\t\t\t\t<\/div>\n\t\t\t\t\t<\/div>\n\t\t\t\t<\/div>\n\t\t<div class=\"elementor-element elementor-element-fb1fa6b e-flex e-con-boxed e-con e-parent\" data-id=\"fb1fa6b\" data-element_type=\"container\">\n\t\t\t\t\t<div class=\"e-con-inner\">\n\t\t<div class=\"elementor-element elementor-element-bf79619 e-con-full e-flex e-con e-child\" data-id=\"bf79619\" data-element_type=\"container\">\n\t\t\t\t<div class=\"elementor-element elementor-element-ffea925 elementor-cta--valign-middle elementor-widget__width-initial elementor-widget-mobile__width-inherit elementor-cta--skin-classic elementor-animated-content elementor-bg-transform elementor-bg-transform-zoom-in elementor-widget elementor-widget-call-to-action\" data-id=\"ffea925\" data-element_type=\"widget\" data-widget_type=\"call-to-action.default\">\n\t\t\t\t\t\t\t<div class=\"elementor-cta\">\n\t\t\t\t\t<div class=\"elementor-cta__bg-wrapper\">\n\t\t\t\t<div class=\"elementor-cta__bg elementor-bg\" style=\"background-image: url(https:\/\/barreaudutanganyika.org\/wp-content\/uploads\/2025\/09\/fond-barreau-default-1024x576.jpg);\" role=\"img\" aria-label=\"fond barreau default\"><\/div>\n\t\t\t\t<div class=\"elementor-cta__bg-overlay\"><\/div>\n\t\t\t<\/div>\n\t\t\t\t\t\t\t<div class=\"elementor-cta__content\">\n\t\t\t\t\n\t\t\t\t\t\t\t\t\t<h2 class=\"elementor-cta__title elementor-cta__content-item elementor-content-item\">\n\t\t\t\t\t\tMa\u00eetre Emmanuelli KAHAYA MWEHU\t\t\t\t\t<\/h2>\n\t\t\t\t\n\t\t\t\t\t\t\t\t\t<div class=\"elementor-cta__description elementor-cta__content-item elementor-content-item\">\n\t\t\t\t\t\tDoyen de l\u2019Ordre\t\t\t\t\t<\/div>\n\t\t\t\t\n\t\t\t\t\t\t\t<\/div>\n\t\t\t\t\t\t<\/div>\n\t\t\t\t\t\t<\/div>\n\t\t\t\t<div class=\"elementor-element elementor-element-a646f7c elementor-cta--valign-middle elementor-widget__width-initial elementor-widget-mobile__width-inherit elementor-cta--skin-classic elementor-animated-content elementor-widget elementor-widget-call-to-action\" data-id=\"a646f7c\" data-element_type=\"widget\" data-widget_type=\"call-to-action.default\">\n\t\t\t\t\t\t\t<div class=\"elementor-cta\">\n\t\t\t\t\t<div class=\"elementor-cta__bg-wrapper\">\n\t\t\t\t<div class=\"elementor-cta__bg elementor-bg\" style=\"background-image: url(https:\/\/barreaudutanganyika.org\/wp-content\/uploads\/2025\/10\/Vianney-1024x576.jpg);\" role=\"img\" aria-label=\"Vianney\"><\/div>\n\t\t\t\t<div class=\"elementor-cta__bg-overlay\"><\/div>\n\t\t\t<\/div>\n\t\t\t\t\t\t\t<div class=\"elementor-cta__content\">\n\t\t\t\t\n\t\t\t\t\t\t\t\t\t<h2 class=\"elementor-cta__title elementor-cta__content-item elementor-content-item\">\n\t\t\t\t\t\tMa\u00eetre Vianney BIRHAHEKA CHIZA\t\t\t\t\t<\/h2>\n\t\t\t\t\n\t\t\t\t\t\t\t\t\t<div class=\"elementor-cta__description elementor-cta__content-item elementor-content-item\">\n\t\t\t\t\t\tVice-Doyen Pr\u00e9sident de la Commission des formations professionnelles\t\t\t\t\t<\/div>\n\t\t\t\t\n\t\t\t\t\t\t\t<\/div>\n\t\t\t\t\t\t<\/div>\n\t\t\t\t\t\t<\/div>\n\t\t\t\t<div class=\"elementor-element elementor-element-ab1159e elementor-cta--valign-middle elementor-widget__width-initial elementor-widget-mobile__width-inherit elementor-cta--skin-classic elementor-animated-content elementor-widget elementor-widget-call-to-action\" data-id=\"ab1159e\" data-element_type=\"widget\" data-widget_type=\"call-to-action.default\">\n\t\t\t\t\t\t\t<div class=\"elementor-cta\">\n\t\t\t\t\t<div class=\"elementor-cta__bg-wrapper\">\n\t\t\t\t<div class=\"elementor-cta__bg elementor-bg\" style=\"background-image: url(https:\/\/barreaudutanganyika.org\/wp-content\/uploads\/2025\/10\/thony-1024x576.jpg);\" role=\"img\" aria-label=\"thony\"><\/div>\n\t\t\t\t<div class=\"elementor-cta__bg-overlay\"><\/div>\n\t\t\t<\/div>\n\t\t\t\t\t\t\t<div class=\"elementor-cta__content\">\n\t\t\t\t\n\t\t\t\t\t\t\t\t\t<h2 class=\"elementor-cta__title elementor-cta__content-item elementor-content-item\">\n\t\t\t\t\t\tMa\u00eetre Thony LUBULI MULONGO\t\t\t\t\t<\/h2>\n\t\t\t\t\n\t\t\t\t\t\t\t\t\t<div class=\"elementor-cta__description elementor-cta__content-item elementor-content-item\">\n\t\t\t\t\t\tPr\u00e9sident de la Commission des admissions et de suivi des stages\t\t\t\t\t<\/div>\n\t\t\t\t\n\t\t\t\t\t\t\t<\/div>\n\t\t\t\t\t\t<\/div>\n\t\t\t\t\t\t<\/div>\n\t\t\t\t<div class=\"elementor-element elementor-element-855a5d1 elementor-cta--valign-middle elementor-widget__width-initial elementor-widget-mobile__width-inherit elementor-cta--skin-classic elementor-animated-content elementor-widget elementor-widget-call-to-action\" data-id=\"855a5d1\" data-element_type=\"widget\" data-widget_type=\"call-to-action.default\">\n\t\t\t\t\t\t\t<div class=\"elementor-cta\">\n\t\t\t\t\t<div class=\"elementor-cta__bg-wrapper\">\n\t\t\t\t<div class=\"elementor-cta__bg elementor-bg\" style=\"background-image: url(https:\/\/barreaudutanganyika.org\/wp-content\/uploads\/2025\/10\/ireneee-1024x576.jpg);\" role=\"img\" aria-label=\"ireneee\"><\/div>\n\t\t\t\t<div class=\"elementor-cta__bg-overlay\"><\/div>\n\t\t\t<\/div>\n\t\t\t\t\t\t\t<div class=\"elementor-cta__content\">\n\t\t\t\t\n\t\t\t\t\t\t\t\t\t<h2 class=\"elementor-cta__title elementor-cta__content-item elementor-content-item\">\n\t\t\t\t\t\tMaitre NGOY LUBUMBA Ir\u00e9n\u00e9e\t\t\t\t\t<\/h2>\n\t\t\t\t\n\t\t\t\t\t\t\t\t\t<div class=\"elementor-cta__description elementor-cta__content-item elementor-content-item\">\n\t\t\t\t\t\tSecr\u00e9taire de l\u2019Ordre\n\t\t\t\t\t<\/div>\n\t\t\t\t\n\t\t\t\t\t\t\t<\/div>\n\t\t\t\t\t\t<\/div>\n\t\t\t\t\t\t<\/div>\n\t\t\t\t<div class=\"elementor-element elementor-element-aabf810 elementor-cta--valign-middle elementor-widget__width-initial elementor-widget-mobile__width-inherit elementor-cta--skin-classic elementor-animated-content elementor-bg-transform elementor-bg-transform-zoom-in elementor-widget elementor-widget-call-to-action\" data-id=\"aabf810\" data-element_type=\"widget\" data-widget_type=\"call-to-action.default\">\n\t\t\t\t\t\t\t<div class=\"elementor-cta\">\n\t\t\t\t\t<div class=\"elementor-cta__bg-wrapper\">\n\t\t\t\t<div class=\"elementor-cta__bg elementor-bg\" style=\"background-image: url(https:\/\/barreaudutanganyika.org\/wp-content\/uploads\/2025\/09\/fond-barreau-default-1024x576.jpg);\" role=\"img\" aria-label=\"fond barreau default\"><\/div>\n\t\t\t\t<div class=\"elementor-cta__bg-overlay\"><\/div>\n\t\t\t<\/div>\n\t\t\t\t\t\t\t<div class=\"elementor-cta__content\">\n\t\t\t\t\n\t\t\t\t\t\t\t\t\t<h2 class=\"elementor-cta__title elementor-cta__content-item elementor-content-item\">\n\t\t\t\t\t\tMa\u00eetre Jean-Bienvenu NTWALI BYAVULWA\t\t\t\t\t<\/h2>\n\t\t\t\t\n\t\t\t\t\t\t\t\t\t<div class=\"elementor-cta__description elementor-cta__content-item elementor-content-item\">\n\t\t\t\t\t\tSecr\u00e9taire de l\u2019Ordre Adjoint\n\t\t\t\t\t<\/div>\n\t\t\t\t\n\t\t\t\t\t\t\t<\/div>\n\t\t\t\t\t\t<\/div>\n\t\t\t\t\t\t<\/div>\n\t\t\t\t<div class=\"elementor-element elementor-element-4878ecc elementor-cta--valign-middle elementor-widget__width-initial elementor-widget-mobile__width-inherit elementor-cta--skin-classic elementor-animated-content elementor-widget elementor-widget-call-to-action\" data-id=\"4878ecc\" data-element_type=\"widget\" data-widget_type=\"call-to-action.default\">\n\t\t\t\t\t\t\t<div class=\"elementor-cta\">\n\t\t\t\t\t<div class=\"elementor-cta__bg-wrapper\">\n\t\t\t\t<div class=\"elementor-cta__bg elementor-bg\" style=\"background-image: url(https:\/\/barreaudutanganyika.org\/wp-content\/uploads\/2025\/10\/regine-1024x576.jpg);\" role=\"img\" aria-label=\"regine\"><\/div>\n\t\t\t\t<div class=\"elementor-cta__bg-overlay\"><\/div>\n\t\t\t<\/div>\n\t\t\t\t\t\t\t<div class=\"elementor-cta__content\">\n\t\t\t\t\n\t\t\t\t\t\t\t\t\t<h2 class=\"elementor-cta__title elementor-cta__content-item elementor-content-item\">\n\t\t\t\t\t\tMa\u00eetre R\u00e9gine MARIAMU SAFI\t\t\t\t\t<\/h2>\n\t\t\t\t\n\t\t\t\t\t\t\t\t\t<div class=\"elementor-cta__description elementor-cta__content-item elementor-content-item\">\n\t\t\t\t\t\tPr\u00e9sidente de la Commission Genre\nPr\u00e9sidente de la Commission d\u2019\u00e9tudes et publications\t\t\t\t\t<\/div>\n\t\t\t\t\n\t\t\t\t\t\t\t<\/div>\n\t\t\t\t\t\t<\/div>\n\t\t\t\t\t\t<\/div>\n\t\t\t\t<div class=\"elementor-element elementor-element-ade3485 elementor-cta--valign-middle elementor-widget__width-initial elementor-widget-mobile__width-inherit elementor-cta--skin-classic elementor-animated-content elementor-widget elementor-widget-call-to-action\" data-id=\"ade3485\" data-element_type=\"widget\" data-widget_type=\"call-to-action.default\">\n\t\t\t\t\t\t\t<div class=\"elementor-cta\">\n\t\t\t\t\t<div class=\"elementor-cta__bg-wrapper\">\n\t\t\t\t<div class=\"elementor-cta__bg elementor-bg\" style=\"background-image: url(https:\/\/barreaudutanganyika.org\/wp-content\/uploads\/2025\/10\/kandolo-1024x576.jpg);\" role=\"img\" aria-label=\"kandolo\"><\/div>\n\t\t\t\t<div class=\"elementor-cta__bg-overlay\"><\/div>\n\t\t\t<\/div>\n\t\t\t\t\t\t\t<div class=\"elementor-cta__content\">\n\t\t\t\t\n\t\t\t\t\t\t\t\t\t<h2 class=\"elementor-cta__title elementor-cta__content-item elementor-content-item\">\n\t\t\t\t\t\tMa\u00eetre Fran\u00e7ois KANDOLO LUKELWA\t\t\t\t\t<\/h2>\n\t\t\t\t\n\t\t\t\t\t\t\t\t\t<div class=\"elementor-cta__description elementor-cta__content-item elementor-content-item\">\n\t\t\t\t\t\tTr\u00e9sorier de l\u2019Ordre\n\t\t\t\t\t<\/div>\n\t\t\t\t\n\t\t\t\t\t\t\t<\/div>\n\t\t\t\t\t\t<\/div>\n\t\t\t\t\t\t<\/div>\n\t\t\t\t<div class=\"elementor-element elementor-element-87b1f3e elementor-cta--valign-middle elementor-widget__width-initial elementor-widget-mobile__width-inherit elementor-cta--skin-classic elementor-animated-content elementor-widget elementor-widget-call-to-action\" data-id=\"87b1f3e\" data-element_type=\"widget\" data-widget_type=\"call-to-action.default\">\n\t\t\t\t\t\t\t<div class=\"elementor-cta\">\n\t\t\t\t\t<div class=\"elementor-cta__bg-wrapper\">\n\t\t\t\t<div class=\"elementor-cta__bg elementor-bg\" style=\"background-image: url(https:\/\/barreaudutanganyika.org\/wp-content\/uploads\/2025\/10\/Pontient-1-1024x576.jpg);\" role=\"img\" aria-label=\"Pontient\"><\/div>\n\t\t\t\t<div class=\"elementor-cta__bg-overlay\"><\/div>\n\t\t\t<\/div>\n\t\t\t\t\t\t\t<div class=\"elementor-cta__content\">\n\t\t\t\t\n\t\t\t\t\t\t\t\t\t<h2 class=\"elementor-cta__title elementor-cta__content-item elementor-content-item\">\n\t\t\t\t\t\tMa\u00eetre Pontien TAMBWE SALEH\t\t\t\t\t<\/h2>\n\t\t\t\t\n\t\t\t\t\t\t\t\t\t<div class=\"elementor-cta__description elementor-cta__content-item elementor-content-item\">\n\t\t\t\t\t\tPr\u00e9sident de la Commission du bon fonctionnement de la Justice\nVice-Pr\u00e9sident de la Commission des formations professionnelles\n\t\t\t\t\t<\/div>\n\t\t\t\t\n\t\t\t\t\t\t\t<\/div>\n\t\t\t\t\t\t<\/div>\n\t\t\t\t\t\t<\/div>\n\t\t\t\t<div class=\"elementor-element elementor-element-bad586a elementor-cta--valign-middle elementor-widget__width-initial elementor-widget-mobile__width-inherit elementor-cta--skin-classic elementor-animated-content elementor-bg-transform elementor-bg-transform-zoom-in elementor-widget elementor-widget-call-to-action\" data-id=\"bad586a\" data-element_type=\"widget\" data-widget_type=\"call-to-action.default\">\n\t\t\t\t\t\t\t<div class=\"elementor-cta\">\n\t\t\t\t\t<div class=\"elementor-cta__bg-wrapper\">\n\t\t\t\t<div class=\"elementor-cta__bg elementor-bg\" style=\"background-image: url(https:\/\/barreaudutanganyika.org\/wp-content\/uploads\/2025\/09\/fond-barreau-default-1024x576.jpg);\" role=\"img\" aria-label=\"fond barreau default\"><\/div>\n\t\t\t\t<div class=\"elementor-cta__bg-overlay\"><\/div>\n\t\t\t<\/div>\n\t\t\t\t\t\t\t<div class=\"elementor-cta__content\">\n\t\t\t\t\n\t\t\t\t\t\t\t\t\t<h2 class=\"elementor-cta__title elementor-cta__content-item elementor-content-item\">\n\t\t\t\t\t\tMa\u00eetre Alain KIKUNI KASOGA\t\t\t\t\t<\/h2>\n\t\t\t\t\n\t\t\t\t\t\t\t\t\t<div class=\"elementor-cta__description elementor-cta__content-item elementor-content-item\">\n\t\t\t\t\t\tPr\u00e9sident de la commission socio-culturelle\nPr\u00e9sident de la Commission de protection de la profession\n\t\t\t\t\t<\/div>\n\t\t\t\t\n\t\t\t\t\t\t\t<\/div>\n\t\t\t\t\t\t<\/div>\n\t\t\t\t\t\t<\/div>\n\t\t\t\t<\/div>\n\t\t\t\t\t<\/div>\n\t\t\t\t<\/div>\n\t\t\t\t<\/div>\n\t\t","protected":false},"excerpt":{"rendered":"<p>Le Conseil de l&rsquo;Ordre Le conseil de l\u2019Ordre a pour attributions de traiter toutes questions int\u00e9ressant l\u2019exercice de la profession. Il veille \u00e0 la stricte observation des r\u00e8gles de la profession et des devoirs des avocats ainsi qu\u2019\u00e0 la protection de leurs droits. Il arr\u00eate et modifie le r\u00e8glement int\u00e9rieur, assure le maintien des principes [&hellip;]<\/p>\n","protected":false},"author":1,"featured_media":0,"parent":0,"menu_order":0,"comment_status":"closed","ping_status":"closed","template":"","meta":{"footnotes":""},"class_list":["post-130","page","type-page","status-publish","hentry"],"yoast_head":"<!-- This site is optimized with the Yoast SEO plugin v26.0 - https:\/\/yoast.com\/wordpress\/plugins\/seo\/ -->\n<title>Conseil de l&#039;ordre - Barreau du Tanganyika<\/title>\n<meta name=\"robots\" content=\"index, follow, max-snippet:-1, max-image-preview:large, max-video-preview:-1\" \/>\n<link rel=\"canonical\" href=\"https:\/\/barreaudutanganyika.org\/index.php\/conseil-de-lordre\/\" \/>\n<meta property=\"og:locale\" content=\"fr_FR\" \/>\n<meta property=\"og:type\" content=\"article\" \/>\n<meta property=\"og:title\" content=\"Conseil de l&#039;ordre - Barreau du Tanganyika\" \/>\n<meta property=\"og:description\" content=\"Le Conseil de l&rsquo;Ordre Le conseil de l\u2019Ordre a pour attributions de traiter toutes questions int\u00e9ressant l\u2019exercice de la profession. Il veille \u00e0 la stricte observation des r\u00e8gles de la profession et des devoirs des avocats ainsi qu\u2019\u00e0 la protection de leurs droits. Il arr\u00eate et modifie le r\u00e8glement int\u00e9rieur, assure le maintien des principes [&hellip;]\" \/>\n<meta property=\"og:url\" content=\"https:\/\/barreaudutanganyika.org\/index.php\/conseil-de-lordre\/\" \/>\n<meta property=\"og:site_name\" content=\"Barreau du Tanganyika\" \/>\n<meta property=\"article:modified_time\" content=\"2025-10-02T17:57:43+00:00\" \/>\n<meta name=\"twitter:card\" content=\"summary_large_image\" \/>\n<meta name=\"twitter:label1\" content=\"Dur\u00e9e de lecture estim\u00e9e\" \/>\n\t<meta name=\"twitter:data1\" content=\"2 minutes\" \/>\n<script type=\"application\/ld+json\" class=\"yoast-schema-graph\">{\"@context\":\"https:\/\/schema.org\",\"@graph\":[{\"@type\":\"WebPage\",\"@id\":\"https:\/\/barreaudutanganyika.org\/index.php\/conseil-de-lordre\/\",\"url\":\"https:\/\/barreaudutanganyika.org\/index.php\/conseil-de-lordre\/\",\"name\":\"Conseil de l'ordre - Barreau du Tanganyika\",\"isPartOf\":{\"@id\":\"https:\/\/barreaudutanganyika.org\/#website\"},\"datePublished\":\"2025-09-15T16:06:26+00:00\",\"dateModified\":\"2025-10-02T17:57:43+00:00\",\"breadcrumb\":{\"@id\":\"https:\/\/barreaudutanganyika.org\/index.php\/conseil-de-lordre\/#breadcrumb\"},\"inLanguage\":\"fr-FR\",\"potentialAction\":[{\"@type\":\"ReadAction\",\"target\":[\"https:\/\/barreaudutanganyika.org\/index.php\/conseil-de-lordre\/\"]}]},{\"@type\":\"BreadcrumbList\",\"@id\":\"https:\/\/barreaudutanganyika.org\/index.php\/conseil-de-lordre\/#breadcrumb\",\"itemListElement\":[{\"@type\":\"ListItem\",\"position\":1,\"name\":\"Accueil\",\"item\":\"https:\/\/barreaudutanganyika.org\/\"},{\"@type\":\"ListItem\",\"position\":2,\"name\":\"Conseil de l&rsquo;ordre\"}]},{\"@type\":\"WebSite\",\"@id\":\"https:\/\/barreaudutanganyika.org\/#website\",\"url\":\"https:\/\/barreaudutanganyika.org\/\",\"name\":\"Barreau du Tanganyika\",\"description\":\"Service juridique pour les avocats\",\"publisher\":{\"@id\":\"https:\/\/barreaudutanganyika.org\/#organization\"},\"potentialAction\":[{\"@type\":\"SearchAction\",\"target\":{\"@type\":\"EntryPoint\",\"urlTemplate\":\"https:\/\/barreaudutanganyika.org\/?s={search_term_string}\"},\"query-input\":{\"@type\":\"PropertyValueSpecification\",\"valueRequired\":true,\"valueName\":\"search_term_string\"}}],\"inLanguage\":\"fr-FR\"},{\"@type\":\"Organization\",\"@id\":\"https:\/\/barreaudutanganyika.org\/#organization\",\"name\":\"BARREAU DU TANGANYIKA\",\"url\":\"https:\/\/barreaudutanganyika.org\/\",\"logo\":{\"@type\":\"ImageObject\",\"inLanguage\":\"fr-FR\",\"@id\":\"https:\/\/barreaudutanganyika.org\/#\/schema\/logo\/image\/\",\"url\":\"https:\/\/barreaudutanganyika.org\/wp-content\/uploads\/2025\/09\/logo-barreau-couleur-e1757684624614.png\",\"contentUrl\":\"https:\/\/barreaudutanganyika.org\/wp-content\/uploads\/2025\/09\/logo-barreau-couleur-e1757684624614.png\",\"width\":2276,\"height\":747,\"caption\":\"BARREAU DU TANGANYIKA\"},\"image\":{\"@id\":\"https:\/\/barreaudutanganyika.org\/#\/schema\/logo\/image\/\"}}]}<\/script>\n<!-- \/ Yoast SEO plugin. -->","yoast_head_json":{"title":"Conseil de l'ordre - Barreau du Tanganyika","robots":{"index":"index","follow":"follow","max-snippet":"max-snippet:-1","max-image-preview":"max-image-preview:large","max-video-preview":"max-video-preview:-1"},"canonical":"https:\/\/barreaudutanganyika.org\/index.php\/conseil-de-lordre\/","og_locale":"fr_FR","og_type":"article","og_title":"Conseil de l'ordre - Barreau du Tanganyika","og_description":"Le Conseil de l&rsquo;Ordre Le conseil de l\u2019Ordre a pour attributions de traiter toutes questions int\u00e9ressant l\u2019exercice de la profession. Il veille \u00e0 la stricte observation des r\u00e8gles de la profession et des devoirs des avocats ainsi qu\u2019\u00e0 la protection de leurs droits. Il arr\u00eate et modifie le r\u00e8glement int\u00e9rieur, assure le maintien des principes [&hellip;]","og_url":"https:\/\/barreaudutanganyika.org\/index.php\/conseil-de-lordre\/","og_site_name":"Barreau du Tanganyika","article_modified_time":"2025-10-02T17:57:43+00:00","twitter_card":"summary_large_image","twitter_misc":{"Dur\u00e9e de lecture estim\u00e9e":"2 minutes"},"schema":{"@context":"https:\/\/schema.org","@graph":[{"@type":"WebPage","@id":"https:\/\/barreaudutanganyika.org\/index.php\/conseil-de-lordre\/","url":"https:\/\/barreaudutanganyika.org\/index.php\/conseil-de-lordre\/","name":"Conseil de l'ordre - Barreau du Tanganyika","isPartOf":{"@id":"https:\/\/barreaudutanganyika.org\/#website"},"datePublished":"2025-09-15T16:06:26+00:00","dateModified":"2025-10-02T17:57:43+00:00","breadcrumb":{"@id":"https:\/\/barreaudutanganyika.org\/index.php\/conseil-de-lordre\/#breadcrumb"},"inLanguage":"fr-FR","potentialAction":[{"@type":"ReadAction","target":["https:\/\/barreaudutanganyika.org\/index.php\/conseil-de-lordre\/"]}]},{"@type":"BreadcrumbList","@id":"https:\/\/barreaudutanganyika.org\/index.php\/conseil-de-lordre\/#breadcrumb","itemListElement":[{"@type":"ListItem","position":1,"name":"Accueil","item":"https:\/\/barreaudutanganyika.org\/"},{"@type":"ListItem","position":2,"name":"Conseil de l&rsquo;ordre"}]},{"@type":"WebSite","@id":"https:\/\/barreaudutanganyika.org\/#website","url":"https:\/\/barreaudutanganyika.org\/","name":"Barreau du Tanganyika","description":"Service juridique pour les avocats","publisher":{"@id":"https:\/\/barreaudutanganyika.org\/#organization"},"potentialAction":[{"@type":"SearchAction","target":{"@type":"EntryPoint","urlTemplate":"https:\/\/barreaudutanganyika.org\/?s={search_term_string}"},"query-input":{"@type":"PropertyValueSpecification","valueRequired":true,"valueName":"search_term_string"}}],"inLanguage":"fr-FR"},{"@type":"Organization","@id":"https:\/\/barreaudutanganyika.org\/#organization","name":"BARREAU DU TANGANYIKA","url":"https:\/\/barreaudutanganyika.org\/","logo":{"@type":"ImageObject","inLanguage":"fr-FR","@id":"https:\/\/barreaudutanganyika.org\/#\/schema\/logo\/image\/","url":"https:\/\/barreaudutanganyika.org\/wp-content\/uploads\/2025\/09\/logo-barreau-couleur-e1757684624614.png","contentUrl":"https:\/\/barreaudutanganyika.org\/wp-content\/uploads\/2025\/09\/logo-barreau-couleur-e1757684624614.png","width":2276,"height":747,"caption":"BARREAU DU TANGANYIKA"},"image":{"@id":"https:\/\/barreaudutanganyika.org\/#\/schema\/logo\/image\/"}}]}},"jetpack_sharing_enabled":true,"_links":{"self":[{"href":"https:\/\/barreaudutanganyika.org\/index.php\/wp-json\/wp\/v2\/pages\/130","targetHints":{"allow":["GET"]}}],"collection":[{"href":"https:\/\/barreaudutanganyika.org\/index.php\/wp-json\/wp\/v2\/pages"}],"about":[{"href":"https:\/\/barreaudutanganyika.org\/index.php\/wp-json\/wp\/v2\/types\/page"}],"author":[{"embeddable":true,"href":"https:\/\/barreaudutanganyika.org\/index.php\/wp-json\/wp\/v2\/users\/1"}],"replies":[{"embeddable":true,"href":"https:\/\/barreaudutanganyika.org\/index.php\/wp-json\/wp\/v2\/comments?post=130"}],"version-history":[{"count":52,"href":"https:\/\/barreaudutanganyika.org\/index.php\/wp-json\/wp\/v2\/pages\/130\/revisions"}],"predecessor-version":[{"id":2159,"href":"https:\/\/barreaudutanganyika.org\/index.php\/wp-json\/wp\/v2\/pages\/130\/revisions\/2159"}],"wp:attachment":[{"href":"https:\/\/barreaudutanganyika.org\/index.php\/wp-json\/wp\/v2\/media?parent=130"}],"curies":[{"name":"wp","href":"https:\/\/api.w.org\/{rel}","templated":true}]}}